{"id":15960,"date":"2023-06-09T12:42:27","date_gmt":"2023-06-09T12:42:27","guid":{"rendered":"https:\/\/mocnirazem.com.pl\/?page_id=15960"},"modified":"2025-11-27T09:37:54","modified_gmt":"2025-11-27T09:37:54","slug":"polityka-cookies","status":"publish","type":"page","link":"https:\/\/mocnirazem.com.pl\/?page_id=15960","title":{"rendered":"Polityka Cookies"},"content":{"rendered":"<p>[vc_row css_animation=&#8221;&#8221; row_type=&#8221;row&#8221; use_row_as_full_screen_section=&#8221;no&#8221; type=&#8221;grid&#8221; angled_section=&#8221;no&#8221; text_align=&#8221;left&#8221; background_image_as_pattern=&#8221;without_pattern&#8221; background_color=&#8221;#ffffff&#8221; padding_top=&#8221;87&#8243; padding_bottom=&#8221;0&#8243;][vc_column][vc_separator type=&#8221;transparent&#8221;][vc_empty_space height=&#8221;64 px&#8221;][vc_column_text]<\/p>\n<h2><\/h2>\n<h2><\/h2>\n<h2 style=\"text-align: center;\">POLITYKA COOKIES<\/h2>\n<p>[\/vc_column_text][vc_separator type=&#8221;small&#8221; position=&#8221;center&#8221; up=&#8221;7&#8243; down=&#8221;38&#8243;][vc_column_text]<strong>OneTrust<\/strong><\/p>\n<p>Na naszych stronach internetowych u\u017cywamy OneTrust, aby pom\u00f3c Ci zarz\u0105dza\u0107 ustawieniami i preferencjami dotycz\u0105cymi plik\u00f3w cookie. Mo\u017cesz je zmieni\u0107 w ka\u017cdej chwili korzystaj\u0105c z poni\u017cszego linku:<\/p>\n<p><button id=\"ot-sdk-btn\" class=\"ot-sdk-show-settings\">Ustawienia plik\u00f3w cookie<\/button><\/p>\n<p>&nbsp;<\/p>\n<p><strong>Informacja o plikach cookies<\/strong><\/p>\n<p>Gdy u\u017cytkownik odwiedza nasze strony (\u201eStrony\u201d), mo\u017cemy zbiera\u0107 pewne informacje w spos\u00f3b zautomatyzowany, poprzez pliki cookie, web beacons i dzienniki serwera sieciowego. Informacje, kt\u00f3re mo\u017cemy gromadzi\u0107 w ten spos\u00f3b, obejmuj\u0105 adres IP, unikalny identyfikator urz\u0105dzenia, charakterystyk\u0119 przegl\u0105darki, charakterystyk\u0119 urz\u0105dzenia, system operacyjny, preferencje j\u0119zykowe, odsy\u0142aj\u0105ce adresy URL, informacje o dzia\u0142aniach podejmowanych na naszych Stronach, daty i godziny wizyt na naszych Stronach oraz inne statystyki u\u017cytkowania.<\/p>\n<p>Plik \u201ecookie\u201d to plik, kt\u00f3ry strony internetowe wysy\u0142aj\u0105 do komputera odwiedzaj\u0105cego lub innego urz\u0105dzenia pod\u0142\u0105czonego do Internetu w celu jednoznacznego zidentyfikowania przegl\u0105darki odwiedzaj\u0105cego lub zapisania informacji lub ustawie\u0144 w przegl\u0105darce.<\/p>\n<p>\u201eWeb beacon\u201d, znany r\u00f3wnie\u017c jako znacznik internetowy, znacznik pikselowy lub czysty GIF, \u0142\u0105czy strony internetowe z serwerami internetowymi i ich plikami cookies oraz s\u0142u\u017cy do przekazywania informacji zebranych za pomoc\u0105 plik\u00f3w cookies z powrotem do serwera internetowego. Poprzez te zautomatyzowane metody gromadzenia danych mo\u017cemy uzyska\u0107 \u201edane o strumieniu klikni\u0119\u0107\u201d, kt\u00f3re s\u0105 rejestrem link\u00f3w i innych tre\u015bci, kt\u00f3re odwiedzaj\u0105cy klikn\u0105\u0142 podczas przegl\u0105dania strony internetowej.<\/p>\n<p>&nbsp;<\/p>\n<p><strong>Nasze Strony u\u017cywaj\u0105 tego typu plik\u00f3w cookies:<\/strong><\/p>\n<p>1. \u015aci\u015ble niezb\u0119dne pliki cookie<\/p>\n<p>Te pliki cookie s\u0105 niezb\u0119dne dla funkcjonowania strony internetowej i nie mog\u0105 by\u0107 wy\u0142\u0105czone w naszych systemach. S\u0105 one zazwyczaj ustawiane tylko w odpowiedzi na dzia\u0142ania podejmowane przez u\u017cytkownika, kt\u00f3re sprowadzaj\u0105 si\u0119 do zapytania o us\u0142ugi, takie jak ustawienie preferencji prywatno\u015bci, logowanie lub wype\u0142nianie formularzy. Mo\u017cna ustawi\u0107 przegl\u0105dark\u0119 tak, aby blokowa\u0142a lub ostrzega\u0142a o tych plikach cookie, ale niekt\u00f3re cz\u0119\u015bci witryny nie b\u0119d\u0105 wtedy dzia\u0142a\u0142y. Te pliki cookie nie przechowuj\u0105 \u017cadnych danych osobowych.<\/p>\n<p>&nbsp;<\/p>\n<p>2. Pliki cookie wydajno\u015bciowe<\/p>\n<p>Te pliki cookie umo\u017cliwiaj\u0105 nam zliczanie wizyt i \u017ar\u00f3de\u0142 ruchu, dzi\u0119ki czemu mo\u017cemy mierzy\u0107 i poprawia\u0107 wydajno\u015b\u0107 naszej witryny. Pomagaj\u0105 one ustali\u0107, kt\u00f3re strony s\u0105 najbardziej i najmniej popularne i zobaczy\u0107, jak odwiedzaj\u0105cy poruszaj\u0105 si\u0119 po stronie. Wszystkie informacje zbierane przez te pliki cookie s\u0105 agregowane i tym samym anonimowe. Je\u015bli u\u017cytkownik nie zezwoli na stosowanie tych plik\u00f3w cookie, nie b\u0119dziemy wiedzie\u0107, kiedy odwiedzi\u0142 nasz\u0105 stron\u0119 internetow\u0105.<\/p>\n<p>&nbsp;<\/p>\n<p>3. Pliki cookie zwi\u0105zane z reklamami i ich odbiorcami<\/p>\n<p>Te pliki cookie mog\u0105 by\u0107 ustawiane przez naszych partner\u00f3w reklamowych za po\u015brednictwem naszej strony internetowej. Mog\u0105 one by\u0107 wykorzystywane przez te firmy do budowania profilu zainteresowa\u0144 u\u017cytkownika i wy\u015bwietlania odpowiednich reklam na innych stronach. Nie przechowuj\u0105 one bezpo\u015brednio danych osobowych, lecz opieraj\u0105 si\u0119 na jednoznacznej identyfikacji przegl\u0105darki i sprz\u0119tu internetowego. Je\u015bli u\u017cytkownik nie zezwoli na stosowanie tych plik\u00f3w cookie, do\u015bwiadcza mniej ukierunkowanych reklam.<\/p>\n<p>&nbsp;<\/p>\n<p>4. Funkcjonalne pliki cookie<\/p>\n<p>Te pliki cookie umo\u017cliwiaj\u0105 stronie internetowej zapewnienie wi\u0119kszej funkcjonalno\u015bci i personalizacji. Mog\u0105 by\u0107 one ustawione przez nas lub przez zewn\u0119trznych dostawc\u00f3w, kt\u00f3rych us\u0142ugi zosta\u0142y dodane do naszych stron internetowych. Je\u015bli u\u017cytkownik nie zezwoli na stosowanie tych plik\u00f3w cookie, niekt\u00f3re lub wszystkie te us\u0142ugi mog\u0105 nie dzia\u0142a\u0107 prawid\u0142owo.<\/p>\n<p>&nbsp;<\/p>\n<p>Pliki cookie s\u0105 kategoryzowane przez organy ochrony danych, w oparciu o ich cel. Pliki cookie skategoryzowane jako \u015bci\u015ble niezb\u0119dne s\u0105 zwolnione z obowi\u0105zku uzyskania zgody u\u017cytkownika i mog\u0105 by\u0107 umieszczane na jego urz\u0105dzeniu przy po\u0142\u0105czeniu u\u017cytkownika ze stron\u0105.<\/p>\n<p>U\u017cytkownik mo\u017ce powr\u00f3ci\u0107 do Ustawie\u0144 cookies, aby zaktualizowa\u0107 swoje preferencje dotycz\u0105ce plik\u00f3w cookies odnosz\u0105ce si\u0119 do wszelkich plik\u00f3w cookies, kt\u00f3re nie zosta\u0142y skategoryzowane jako \u015bci\u015ble niezb\u0119dne, klikaj\u0105c przycisk Ustawienia cookies na pocz\u0105tku niniejszej Polityki.<\/p>\n<p>&nbsp;<\/p>\n<p><a name=\"Jak zbieramy informacje w spos\u00f3b zautomatyzowany\"><\/a><strong>Jak zbieramy informacje w spos\u00f3b zautomatyzowany<\/strong><\/p>\n<p>Podczas korzystania z naszych Stron mo\u017ce by\u0107 gromadzony i przechowywany zapis tego dzia\u0142ania. \u0141\u0105czymy pewne elementy danych zebrane w spos\u00f3b zautomatyzowany, takie jak informacje o przegl\u0105darce, z innymi informacjami, kt\u00f3re uzyskali\u015bmy o u\u017cytkowniku, aby dowiedzie\u0107 si\u0119 na przyk\u0142ad, czy u\u017cytkownik otworzy\u0142 wys\u0142an\u0105 przez nas wiadomo\u015b\u0107 e-mail. Twoja przegl\u0105darka mo\u017ce wskazywa\u0107, jak by\u0107 informowanym o otrzymywaniu pewnych rodzaj\u00f3w plik\u00f3w cookie lub jak ograniczy\u0107 lub wy\u0142\u0105czy\u0107 pewne rodzaje plik\u00f3w cookie. Twoja przegl\u0105darka pozwoli Ci zablokowa\u0107 pliki cookie, jednak bez plik\u00f3w cookie mo\u017cesz nie by\u0107 w stanie korzysta\u0107 ze wszystkich funkcji naszych Stron. Przed zebraniem danych osobowych za pomoc\u0105 plik\u00f3w cookie lub podobnych zautomatyzowanych \u015brodk\u00f3w b\u0119dziemy prosi\u0107 o zgod\u0119 w zakresie wymaganym przez obowi\u0105zuj\u0105ce prawo.<\/p>\n<p>Dostawcy aplikacji, narz\u0119dzi, wid\u017cet\u00f3w i wtyczek stron trzecich na naszych Stronach, takich jak narz\u0119dzia do udost\u0119pniania medi\u00f3w spo\u0142eczno\u015bciowych, mog\u0105 r\u00f3wnie\u017c u\u017cywa\u0107 zautomatyzowanych \u015brodk\u00f3w do zbierania informacji dotycz\u0105cych interakcji u\u017cytkownika z tymi funkcjami. Informacje te s\u0105 zbierane bezpo\u015brednio przez dostawc\u00f3w tych funkcji i podlegaj\u0105 polityce prywatno\u015bci lub powiadomieniom tych dostawc\u00f3w. Zgodnie z obowi\u0105zuj\u0105cym prawem ManpowerGroup nie ponosi odpowiedzialno\u015bci za praktyki informacyjne tych dostawc\u00f3w.<\/p>\n<p>W zakresie wymaganym przez obowi\u0105zuj\u0105ce prawo, przed zbieraniem informacji za pomoc\u0105 plik\u00f3w cookie lub podobnych zautomatyzowanych \u015brodk\u00f3w, uzyskamy zgod\u0119 u\u017cytkownika.<\/p>\n<p>&nbsp;<\/p>\n<p><a name=\"Jak wykorzystujemy zebrane informacje\"><\/a><strong>Jak wykorzystujemy zebrane informacje<\/strong><\/p>\n<p>U\u017cywamy informacji zebranych za pomoc\u0105 plik\u00f3w cookie, web beacons, pikseli, dziennik\u00f3w serwer\u00f3w internetowych i innych zautomatyzowanych \u015brodk\u00f3w w celach takich jak:<\/p>\n<ul>\n<li>dostosowanie korzystania z naszych Stron przez u\u017cytkownik\u00f3w;<\/li>\n<li>dostarczanie tre\u015bci dostosowanych do zainteresowa\u0144 naszych u\u017cytkownik\u00f3w oraz sposobu, w jaki u\u017cytkownicy korzystaj\u0105 z naszych Stron; oraz<\/li>\n<li>zarz\u0105dzanie naszymi Stronami i innymi aspektami naszej dzia\u0142alno\u015bci.<\/li>\n<li>\n<ul>\n<li>\n<ul>\n<li><\/li>\n<\/ul>\n<\/li>\n<\/ul>\n<\/li>\n<\/ul>\n<p><a name=\"Cookies podmiot\u00f3w trzecich\"><\/a><strong>Cookies podmiot\u00f3w trzecich<\/strong><\/p>\n<p>Na naszych Stronach korzystamy r\u00f3wnie\u017c z us\u0142ug analitycznych innych firm, takich jak Google Analytics i Hubspot. Dostawcy us\u0142ug analitycznych, kt\u00f3rzy zarz\u0105dzaj\u0105 tymi us\u0142ugami, wykorzystuj\u0105 technologie takie jak pliki cookie, dzienniki serwer\u00f3w internetowych i sygna\u0142y nawigacyjne, aby pom\u00f3c nam analizowa\u0107 korzystanie z naszych Stron. Informacje zebrane za pomoc\u0105 tych \u015brodk\u00f3w (w tym adres IP) mog\u0105 zosta\u0107 ujawnione tym dostawcom us\u0142ug analitycznych i innym odno\u015bnym stronom trzecim, kt\u00f3re wykorzystuj\u0105 te informacje, na przyk\u0142ad do oceny korzystania ze Stron. Aby dowiedzie\u0107 si\u0119 wi\u0119cej o tych us\u0142ugach analitycznych oraz o tym, jak z nich zrezygnowa\u0107, nale\u017cy odwiedzi\u0107 nast\u0119puj\u0105ce strony internetowe oraz wszelkie strony umieszczone w za\u0142\u0105cznikach dotycz\u0105cych poszczeg\u00f3lnych kraj\u00f3w:<\/p>\n<p>&nbsp;<\/p>\n<ul>\n<li>Google Analytics:\u00a0<a href=\"https:\/\/tools.google.com\/dlpage\/gaoptout\" target=\"_blank\" rel=\"noopener noreferrer\">tools.google.com\/dlpage\/gaoptout<\/a><\/li>\n<li>Hubspot:\u00a0<a href=\"https:\/\/knowledge.hubspot.com\/es\/articles\/kcs_article\/reports\/what-cookies-does-hubspot-set-in-a-visitor-s-browser?__hstc=80345672.500b13f38755efb30577aabec5186648.1611603714046.1615339202079.1615410534478.5&amp;__hssc=80345672.4.1615410534478&amp;__hsfp=2815634498\" target=\"_blank\" rel=\"noopener noreferrer\">https:\/\/knowledge.hubspot.com\/es\/articles\/kcs_article\/reports\/what-cookies-does-hubspot-set-in-a-visitor-s-browser<\/a><\/li>\n<\/ul>\n<p>&nbsp;<\/p>\n<p><strong><a name=\"Profilowanie i marketing\"><\/a>Profilowanie i marketing<\/strong><\/p>\n<p>Na naszych Stronach mo\u017cemy zbiera\u0107 informacje o dzia\u0142aniach online u\u017cytkownika, aby dostarczy\u0107 mu reklamy produkt\u00f3w i us\u0142ug dostosowanych do jego indywidualnych zainteresowa\u0144. Mo\u017cemy r\u00f3wnie\u017c uzyskiwa\u0107 informacje w tym celu od stron internetowych os\u00f3b trzecich, na kt\u00f3rych wy\u015bwietlane s\u0105 nasze reklamy. Ta cz\u0119\u015b\u0107 niniejszego powiadomienia zawiera szczeg\u00f3\u0142owe informacje i wyja\u015bnia, jak skorzysta\u0107 z przys\u0142uguj\u0105cych Ci praw. Aby dowiedzie\u0107 si\u0119 wi\u0119cej o tym, jak zrezygnowa\u0107 z reklam opartych na zainteresowaniach, nale\u017cy odwiedzi\u0107 stron\u0119 po\u015bwi\u0119con\u0105 rezygnacji z reklamy pod adresem aboutads.info\/choices\/.<\/p>\n<p>Niekt\u00f3re reklamy ManpowerGroup mog\u0105 by\u0107 wy\u015bwietlane na innych stronach internetowych, poniewa\u017c korzystamy z us\u0142ug zewn\u0119trznych sieci reklamowych. Za po\u015brednictwem takich sieci reklamowych mo\u017cemy kierowa\u0107 nasze komunikaty do u\u017cytkownik\u00f3w w spos\u00f3b demograficzny, oparty na zainteresowaniach, behawioralny i kontekstowy. Poprzez sieci reklamowe mo\u017cemy \u015bledzi\u0107 aktywno\u015b\u0107 online u\u017cytkownika w czasie, zbieraj\u0105c informacje za pomoc\u0105 \u015brodk\u00f3w automatycznych, w tym za pomoc\u0105 plik\u00f3w cookie stron trzecich, dziennik\u00f3w serwera sieciowego, pikseli i sygna\u0142\u00f3w nawigacyjnych. Sieci wykorzystuj\u0105 te informacje, aby pokaza\u0107 Ci reklamy, kt\u00f3re mog\u0105 by\u0107 dostosowane do Twoich indywidualnych zainteresowa\u0144 i wcze\u015bniejszej aktywno\u015bci. Informacje, kt\u00f3re sieci reklamowe mog\u0105 zbiera\u0107 w imieniu ManpowerGroup, obejmuj\u0105 dane o wizytach u\u017cytkownika na stronach internetowych, na kt\u00f3rych wy\u015bwietlane s\u0105 reklamy ManpowerGroup, takie jak ogl\u0105dane strony lub reklamy oraz dzia\u0142ania podejmowane na stronach internetowych. Dane te s\u0105 zbierane zar\u00f3wno na Stronach Internetowych ManpowerGroup, jak i na stronach internetowych innych podmiot\u00f3w, kt\u00f3re uczestnicz\u0105 w tych sieciach reklamowych. Proces ten pomaga nam r\u00f3wnie\u017c \u015bledzi\u0107 skuteczno\u015b\u0107 naszych dzia\u0142a\u0144 marketingowych. Aby dowiedzie\u0107 si\u0119, jak zrezygnowa\u0107 z tej reklamy opartej na zainteresowaniach sieci reklamowej, odwied\u017a stron\u0119 aboutads.info\/choices\/. W zakresie wymaganym przez obowi\u0105zuj\u0105ce prawo uzyskamy Twoj\u0105 zgod\u0119 przed wykorzystaniem Twoich danych do reklamy opartej na zainteresowaniach.<\/p>\n<p>&nbsp;<\/p>\n<p>Informacje zbierane za po\u015brednictwem wtyczek i widget\u00f3w na Stronach (np. informacje zwi\u0105zane z korzystaniem z narz\u0119dzia do udost\u0119pniania w mediach spo\u0142eczno\u015bciowych) s\u0105 zbierane bezpo\u015brednio przez dostawc\u00f3w wtyczek i widget\u00f3w. Informacje te podlegaj\u0105 polityce prywatno\u015bci dostawc\u00f3w wtyczek i widget\u00f3w, a ManpowerGroup nie ponosi odpowiedzialno\u015bci za praktyki informacyjne tych dostawc\u00f3w<\/p>\n<p><strong>\u00a0<\/strong><\/p>\n<p><a name=\"Linki do stron, aplikacji i us\u0142ug podmiot\u00f3w trzecich\"><\/a><strong>Linki do stron, aplikacji i us\u0142ug podmiot\u00f3w trzecich<\/strong><\/p>\n<p>Dla wygody u\u017cytkownik\u00f3w na Stronach mog\u0105 znajdowa\u0107 si\u0119 linki do stron, aplikacji i us\u0142ug os\u00f3b trzecich, kt\u00f3re mog\u0105 by\u0107 prowadzone przez firmy niepowi\u0105zane z ManpowerGroup. Firmy te mog\u0105 posiada\u0107 w\u0142asne zasady ochrony prywatno\u015bci, z kt\u00f3rymi zalecamy si\u0119 zapozna\u0107. Nie ponosimy odpowiedzialno\u015bci za zasady zachowania prywatno\u015bci obowi\u0105zuj\u0105ce na stronach, w aplikacjach i serwisach innych ni\u017c ManpowerGroup.<\/p>\n<p>&nbsp;<\/p>\n<p><a name=\"Aktualizacja Polityki cookies\"><\/a><strong>Aktualizacja Polityki cookies<\/strong><\/p>\n<p>Niniejsze Polityka cookies (wraz z wszelkimi uzupe\u0142nieniami) stanowi cz\u0119\u015b\u0107 naszej Polityki prywatno\u015bci i mo\u017ce by\u0107 okresowo aktualizowana w celu odzwierciedlenia zmian w naszych praktykach ochrony prywatno\u015bci i wymaganiach prawnych. W przypadku istotnych zmian powiadomimy Ci\u0119 poprzez umieszczenie na naszych Stronach odpowiedniego powiadomienia wskazuj\u0105cego, kiedy zosta\u0142a ona ostatnio zaktualizowana.<\/p>\n<p>&nbsp;<\/p>\n<p><a name=\"Jak si\u0119 z nami skontaktowa\u0107\"><\/a><strong>Jak si\u0119 z nami skontaktowa\u0107<\/strong><\/p>\n<p>Mo\u017cesz do nas napisa\u0107 na adres:<\/p>\n<p>ManpowerGroup Polska&gt;ul. Prosta 68<br \/>\n00-838 Warszawa<\/p>\n<p>&nbsp;<\/p>\n<p>Jak r\u00f3wnie\u017c wys\u0142a\u0107 maila na adres:\u00a0<a href=\"mailto:daneosobowe@ManpowerGroup.pl\">daneosobowe@ManpowerGroup.pl<\/a><\/p>\n<p>Lub skontaktowa\u0107 si\u0119 z nami przez\u00a0<a href=\"https:\/\/privacy-portal-manpowergroup.my.onetrust.com\/webform\/1ef6af7e-5375-472f-9219-c7092454fa4f\/e5b8641e-dac2-4c5f-9912-da075be2b0c8\">Formularz obs\u0142ugi zg\u0142osze\u0144 podmiot\u00f3w danych<\/a><\/p>\n<p>[\/vc_column_text][\/vc_column][\/vc_row]<\/p>\n","protected":false},"excerpt":{"rendered":"<p>[vc_row css_animation=&#8221;&#8221; row_type=&#8221;row&#8221; use_row_as_full_screen_section=&#8221;no&#8221; type=&#8221;grid&#8221; angled_section=&#8221;no&#8221; text_align=&#8221;left&#8221; background_image_as_pattern=&#8221;without_pattern&#8221; background_color=&#8221;#ffffff&#8221; padding_top=&#8221;87&#8243; padding_bottom=&#8221;0&#8243;][vc_column][vc_separator type=&#8221;transparent&#8221;][vc_empty_space height=&#8221;64 px&#8221;][vc_column_text] POLITYKA COOKIES [\/vc_column_text][vc_separator type=&#8221;small&#8221; position=&#8221;center&#8221; up=&#8221;7&#8243; down=&#8221;38&#8243;][vc_column_text]OneTrust Na naszych stronach internetowych u\u017cywamy OneTrust, aby pom\u00f3c Ci zarz\u0105dza\u0107 ustawieniami i preferencjami dotycz\u0105cymi plik\u00f3w cookie. Mo\u017cesz je zmieni\u0107 w ka\u017cdej chwili korzystaj\u0105c z&#8230;<\/p>\n","protected":false},"author":1,"featured_media":0,"parent":0,"menu_order":0,"comment_status":"open","ping_status":"closed","template":"full_width.php","meta":{"footnotes":""},"class_list":["post-15960","page","type-page","status-publish","hentry"],"_links":{"self":[{"href":"https:\/\/mocnirazem.com.pl\/index.php?rest_route=\/wp\/v2\/pages\/15960"}],"collection":[{"href":"https:\/\/mocnirazem.com.pl\/index.php?rest_route=\/wp\/v2\/pages"}],"about":[{"href":"https:\/\/mocnirazem.com.pl\/index.php?rest_route=\/wp\/v2\/types\/page"}],"author":[{"embeddable":true,"href":"https:\/\/mocnirazem.com.pl\/index.php?rest_route=\/wp\/v2\/users\/1"}],"replies":[{"embeddable":true,"href":"https:\/\/mocnirazem.com.pl\/index.php?rest_route=%2Fwp%2Fv2%2Fcomments&post=15960"}],"version-history":[{"count":5,"href":"https:\/\/mocnirazem.com.pl\/index.php?rest_route=\/wp\/v2\/pages\/15960\/revisions"}],"predecessor-version":[{"id":16173,"href":"https:\/\/mocnirazem.com.pl\/index.php?rest_route=\/wp\/v2\/pages\/15960\/revisions\/16173"}],"wp:attachment":[{"href":"https:\/\/mocnirazem.com.pl\/index.php?rest_route=%2Fwp%2Fv2%2Fmedia&parent=15960"}],"curies":[{"name":"wp","href":"https:\/\/api.w.org\/{rel}","templated":true}]}}